b**2 - 61*b + 300. Let r be y(55). List the prime factors of (-12)/r - (-20364)/15.
2, 7, 97
Let x = -8653 + 15352. What are the prime factors of x?
3, 7, 11, 29
Suppose 0 = 3*t + 3*h - 9279 - 2490, 0 = 5*t - 5*h - 19615. List the prime factors of t.
3923
Let r be ((-15)/(-25)*5)/((-4)/(-3892)). Suppose 3*w + 3*x - r = 0, -5*x + 3144 - 229 = 3*w. Suppose -11*f + 6*f = -w. List the prime factors of f.
3, 5, 13
What are the prime factors of 36724 + (4 - (12 - 9) - -4)?
3, 7, 11, 53
Let u be 2/(-5*(-6)/225). Suppose u*y - 1146 = 549. List the prime factors of y.
113
List the prime factors of 8040*(-17)/(-255)*25.
2, 5, 67
Let d(m) be the third derivative of -m**6/120 + m**5/10 + 7*m**4/24 - 5*m**3/2 + 3*m**2. Let f be d(8). List the prime factors of 3 + -1 - f - 12/(-4).
2, 23
Let c = 24291 + -2714. What are the prime factors of c?
21577
Let d(k) = 10*k - 6*k + 16 + 26. Let b be d(10). What are the prime factors of (10 + 2)*b/8?
3, 41
Suppose -4*m = 4*y - 36428, -2*m + 7674 = -5*y - 10505. What are the prime factors of m?
2, 3, 37, 41
Let v(c) = 2*c**2 - 14*c + 8. Let o(f) = f**2 + 2*f - 9. Let n be o(-5). Let s be v(n). List the prime factors of 6/96*s - (-450)/8.
2, 7
Suppose 0 = 21*r - 152 - 226. Let u = r - -877. List the prime factors of u.
5, 179
Let m be 1/((-3)/(-1*12)). Let d be m/6 - (-79)/3. Let q = d - 17. List the prime factors of q.
2, 5
Let a = 434 + -751. Let y be (28/36 - (-12)/54)*533. Let h = y + a. What are the prime factors of h?
2, 3
Let s(z) = -3*z**3 - 7*z**2 - 13*z - 3. Suppose 2*q = -3*u - 6 - 6, 2*u - 5*q = -27. What are the prime factors of s(u)?
3, 157
Suppose 299*z = 301*z + d - 37705, 3*d + 37677 = 2*z. List the prime factors of z.
3, 61, 103
Suppose -4*t - 2*f + 224 = 0, 3*t = 2*t + 5*f + 56. Suppose -h + 9*h - t = 0. Suppose -h*u = -4*u - 264. What are the prime factors of u?
2, 11
Let m = -157 - -159. Suppose 0 = 4*x + b - 853, -m*x + 5*b = -0*x - 443. List the prime factors of x.
2, 107
Suppose 0 = 8*t - 17865 + 2881. Let z = t + -1154. List the prime factors of z.
719
Let c = -697 - -2115. Suppose 0 = w - 8*o + 4*o - c, -3*o + 5710 = 4*w. What are the prime factors of w?
2, 23, 31
Suppose 11 = -0*n + 2*n + 3*x, -2*n + 4*x - 24 = 0. Suppose 2*y + h + 7 = -2, h + 21 = -4*y. List the prime factors of -3 + 7 - (y - n).
2
Let j(o) = 11*o**2 - 16*o + 30. Let x be j(2). Suppose -26858 = -68*g + x*g. What are the prime factors of g?
1033
Let v(y) = 202*y**2 + 25*y + 58. What are the prime factors of v(6)?
2, 5, 11, 17
Let f be (-1)/(15/(-36) - 3/(-9)). Suppose f*l + 20 = -4. List the prime factors of (-378)/((-6)/2)*(-1)/l.
3, 7
Let a(k) be the second derivative of k**5/20 + k**4/6 - k**3/3 - k**2 - 3*k. Let x be 8/(-60) + 3/135*141. What are the prime factors of a(x)?
37
Suppose -x = -9*x - 192. List the prime factors of ((1555/4)/5)/((-6)/x).
311
Suppose 5*r - 18 = 37. Suppose -4*j - r*j = -45. Suppose -14*i + 12*i - 120 = -2*n, -4*n = j*i - 226. What are the prime factors of n?
2, 29
Let p = -20064 - -35975. What are the prime factors of p?
7, 2273
What are the prime factors of 36984/32 + 6/24?
2, 17
Suppose 83*b - 53594 = -171*b. List the prime factors of b.
211
Let q(n) = -17*n - 183. Let s = -3 - 27. List the prime factors of q(s).
3, 109
Suppose -111*h = -32*h + 18*h - 4811394. What are the prime factors of h?
2, 3, 7, 1181
Let s(u) = 188*u**2 - 182*u - 850. List the prime factors of s(-5).
2, 5, 7, 17
Let z(q) = -q - 4. Let w be z(-4). Let h be (-2)/10 - (-272068)/340. Suppose -5*l + 0*l + h = w. What are the prime factors of l?
2, 5
Let n be (20/(-25))/((-24)/10 + 2). What are the prime factors of (n - 5/2)*-710?
5, 71
Let f = -148 - -158. Suppose -6*z - f*z = -8304. List the prime factors of z.
3, 173
Suppose 0 = 3*x + 363 + 339. Let t = x + 499. Let h = -143 + t. What are the prime factors of h?
2, 61
What are the prime factors of (-8 - -10922) + (-5 - -4*(-10)/(-4))?
61, 179
Let x(h) = 1343*h + 8451. List the prime factors of x(39).
2, 3, 37, 137
Let f be (-124)/(-1)*13/52. Suppose -f*z = 4*z - 21280. List the prime factors of z.
2, 19
Let f(m) = 3*m**2 - 4*m - 9. Suppose 0*z - 2*z - 2*n = -6, 3*n = -3. Suppose -5*l = w - 32, -2 = z*w - 5*w. What are the prime factors of f(l)?
3, 5
Let k be 59 + -18 - (2 + -5*1). Let t = 72 + k. Suppose 0 = 4*i - t - 8. What are the prime factors of i?
31
Let j(n) be the second derivative of 29*n**3/3 + n**2/2 - 12*n. Let i be j(9). Suppose 373 + i = 7*w. What are the prime factors of w?
2
Let d be ((-1046424)/360 + 6/(-10))*-6. Suppose 29*v = v + d. What are the prime factors of v?
7, 89
Let f = -6998 + 10163. List the prime factors of f.
3, 5, 211
Suppose -6*a + 968 = -1876 - 11370. What are the prime factors of a?
23, 103
Let r(w) = 302*w**2 - 17*w - 64. What are the prime factors of r(7)?
5, 37, 79
Let j = 45145 + -17585. List the prime factors of j.
2, 5, 13, 53
Suppose 4*d + 1902 = 3*y, -9*y + 14*y + d = 3147. List the prime factors of y.
2, 3, 5, 7
Let m be 8/(4*(-2)/(-4)). Suppose -5*g - 19 = -4, 0 = m*l - 2*g - 158. Suppose -l - 75 = -o. What are the prime factors of o?
113
Let b = -80905 - -132952. What are the prime factors of b?
3, 5783
Let t(h) = -5*h**2 - 6*h + 7. Let v be t(3). Let g = 54 + v. List the prime factors of (g - -3) + (102 - -5).
2, 3
Let p = -39680 - -45657. What are the prime factors of p?
43, 139
Suppose w - 5*f + 0 = -30, 5*w - 2*f + 127 = 0. Let b = 1448 - 1453. What are the prime factors of (w - b)*52/(-8)?
2, 5, 13
What are the prime factors of (11230/(-90) + (-6)/27)*(-109 + 2)?
5, 107
Suppose -27 = 3*f - 6*f. Let g = 788 + -786. Suppose 0 = 5*u + g*r - 573, -2*u + f*r - 4*r = -235. What are the prime factors of u?
5, 23
List the prime factors of 7*(-90)/(-63) + (-12465)/(-5).
2503
Suppose 3*m = 2*m + 5*m. Let a be (-30)/(-10) + (5 + m)*1. Suppose -201 = 5*g - a*g. List the prime factors of g.
67
Let r be 4 - (8 - -2) - -3450. Suppose -6*s = -2010 - r. What are the prime factors of s?
3, 101
Suppose -i - k + 11 + 7 = 0, 2*i - 5*k - 1 = 0. Let q be (i/52)/((-2)/(-8))*0. Suppose 6*d + q*d - 1086 = 0. List the prime factors of d.
181
Let q(y) = y**2 - 17*y + 35. Let a be q(15). Suppose a*w - 4*w - 5 = 0. Suppose 272 = -b + 5*b + 2*d, w*b - 370 = 5*d. List the prime factors of b.
2, 5, 7
Suppose -4*l + 5*w - 1 = -3, -2*l = -3*w. What are the prime factors of (-23652)/(-12) + (l - 1)?
1973
Let a(p) = p - 11. Let o = -154 + 163. Let f be a(o). What are the prime factors of 0 - -3 - (-8 - (f + -3))?
2, 3
Let y = 333 - 813. Let u = y - -276. Let n = -108 - u. What are the prime factors of n?
2, 3
Suppose 864 = -3*c - b, 0*c + 572 = -2*c - 2*b. Let z = c - -499. What are the prime factors of z?
2, 3, 5, 7
Suppose -2*z = 7*d - 10*d + 187, -3*z = d - 44. Suppose 67*v - d*v = 9352. List the prime factors of v.
7, 167
Suppose -83*x + 2174415 = 684565. List the prime factors of x.
2, 5, 359
Let p = 110 + -108. Let c be ((-6)/(-15) - 6/(-10)) + p. Suppose 387 = 2*l + 3*v, 0 = -c*l - l + 4*v + 764. What are the prime factors of l?
2, 3
What are the prime factors of (-591549)/(-28) + (-147)/196?
2, 3, 7, 503
Let o(d) = 55*d**2 - 20*d + 47. Suppose b = 3, 4*v - 3*b + 0 = 3. What are the prime factors of o(v)?
2, 241
Let w(u) be the third derivative of u**4/3 + 317*u**3/6 - 56*u**2. What are the prime factors of w(0)?
317
Let b(z) = 2*z**2 - 37*z - 473. What are the prime factors of b(-26)?
7, 263
Let i(a) = -a**2 - 3*a + 634. Let z be i(0). Suppose -5*n - 3*x + 1585 = 0, -2*n - 2*x = 3*x - z. What are the prime factors of n?
317
Let n(l) = -l. Let r(a) = -a**2 + 17*a - 26. Let j(z) = -n(z) + r(z). Suppose -572 = -6*x - 500. List the prime factors of j(x).
2, 23
Let c = -14 - -23. Suppose w - 6 = -x, -w = 5 - 2. Suppose -r + x + c = 0. List the prime factors of r.
2, 3
Suppose 0 = -5*f - 2*l + 15 + 7, -4*l = -4. Suppose -5*q + 0*d - 235 = -f*d, -15 = 3*d. What are the prime factors of (69/(-2))/(q/68)?
2, 23
Let s be (85/20 - 3)/(1/40). Let f = -45 + s. Suppose -2*n = 2, u = n - f*n + 42. What are the prime factors of u?
2, 23
Let l(o) = 139*o**2 - 6*o - 4. Let i be l(-1). Let k = i - -113. What are the prime factors of k?
2, 127
Let f be (-7)/(35/(-10)) + -6*1. Let c(j) = j**3 + 4*j**2 - j - 1. Let i be c(f). Suppose 0 = -4*o + h + 657, i*o + 4*h - 504